3*h + 196 = -0, -h = -v + 38. Let u = v - 14. Let j = 148 - 68. What is the remainder when j is divided by u?
26
Let s = -12 - -77. Let i(j) = -2*j**2 - 28 - s*j + 51*j + j**2 + 0*j**2. Calculate the remainder when 50 is divided by i(-9).
16
Suppose 3*k + 6*j - 59 = 4*j, 0 = -4*k + j + 97. What is the remainder when 608 is divided by k?
10
Suppose -4*z - 129 = -3*t, 6*t + 93 = 8*t - 5*z. Suppose -3*m - t = -6*m. What is the remainder when 35 is divided by m?
9
Let n = 382 + -222. What is the remainder when n is divided by (-868)/(-32) - ((-225)/(-72))/25?
25
Suppose 24*m - 8944 = -19*m. What is the remainder when m is divided by 5?
3
Calculate the remainder when ((-9)/6)/(98/(-4704)) is divided by (2 + 0 - 1) + 2 + 17.
12
Suppose -39*i - 127*i + 17430 = 0. What is the remainder when i is divided by 48?
9
Let j(p) = p**3 + 18*p**2 + 19*p + 36. Let g be j(-17). Let c be (-80)/(-15)*18/g. Suppose 0 = b - 3*b + c. What is the remainder when 118 is divided by b?
22
Suppose 5*h = 290 - 175. Let n = h + 29. Calculate the remainder when 103 is divided by n.
51
Suppose 0 = -5*m + 217 + 3. Suppose 3*b = 3, -2*u + 0*b = -b - 523. Calculate the remainder when u is divided by m.
42
Let q(h) = -1810*h + 32611. Suppose -4*x = -r - 8, 3*r + 0*x = -5*x - 24. Let t(g) = -g. Calculate the remainder when q(18) is divided by t(r).
7
Let t = 420 - 420. Suppose 0 = -0*o + 5*o + 2*y - 175, t = 3*y. What is the remainder when 382 is divided by o?
32
Let s be (-18)/30 - 1156/(-10). Let f(t) = -11*t + 202. Let a be f(18). Suppose a*b = 3*b + s. What is the remainder when b is divided by 13?
11
Let r = -1998 - -2192. Calculate the remainder when r is divided by 57.
23
Let r(v) be the first derivative of v**4/2 + 2*v**3/3 - 3*v**2 + 3*v - 200. Suppose 0 = -6*t + t + 270. What is the remainder when t is divided by r(2)?
9
Suppose -5*t + 0*c = 4*c + 48, 2*t - 2*c = -12. Suppose 4*p = 7*p + 6. Calculate the remainder when ((-4)/t)/(p/(-792)) is divided by 50.
48
Suppose -24*i = -22*i + 3*q - 92, 0 = 3*i + 2*q - 128. Calculate the remainder when 1130 is divided by i.
10
Let f(h) = 338*h - 1673. What is the remainder when 1660 is divided by f(5)?
11
Let a = 116 + -83. What is the remainder when (-72738)/(-1458) - (-4)/36 is divided by a?
17
Suppose 0*b + b + 5*n = -18, -b - 48 = -n. Let c = b + 41. Let l = c - -5. What is the remainder when 16 is divided by l?
1
Let r(y) = 149*y + 138. What is the remainder when 253 is divided by r(0)?
115
Let w(g) = -31*g + 0*g**3 - 16*g**2 + 5*g**3 - 4*g**3 - 5*g**2 + 16*g**2 + 11. What is the remainder when 83 is divided by w(9)?
27
Let j be 66/88 + 2/8. What is the remainder when 262 is divided by ((-66)/2)/(j + 10/(-5))?
31
Let a = 27 + -11. Let i(u) = 28*u + 93. Let m be i(8). Suppose m = 5*s + 92. What is the remainder when s is divided by a?
13
Let f(g) = -g - 14. Let r(t) = -t**3 - 5*t**2 - 2*t. Let y be r(-2). Let m be f(y). Calculate the remainder when 35 is divided by -8*2/m*18/4.
11
Let y(s) be the first derivative of s**4/4 - 5*s**3/3 - 9*s**2 - 10*s + 149. What is the remainder when 45 is divided by y(8)?
7
Let f be 8/132*-3 - (-706)/11. Suppose -4*y - h + 140 = 0, -2*h = 2*y - 3*h - f. What is the remainder when 99 is divided by y?
31
Let w(t) = -t**3 - 4*t**2 + 22*t - 3. Let z be w(-7). Calculate the remainder when 44 is divided by 30/(-4 - z - 4).
14
Let c(u) = u**2 - 16*u + 52. What is the remainder when c(17) is divided by 22?
3
Suppose 4*m + 5*v = 12, 8*v - 15 = -5*m + 5*v. Let c be ((-22)/77)/(3702/(-1848) + 2). What is the remainder when ((-12)/(-8))/(m/c) is divided by 23?
21
Let j = 8126 - 8121. What is the remainder when -1 + 2 + 9 + -4 is divided by j?
1
Let x be 2/(-2 - -3) + 2. Suppose 7*y - 12 = x*y. Calculate the remainder when 117 is divided by 95/y + 1/4.
21
Let b = 6859 - 6197. Calculate the remainder when b is divided by 35.
32
Let s = -1336041 - -1336128. Let x = -122 + 179. What is the remainder when s is divided by x?
30
Suppose -2*z = -6, 0 = 2*h + h - 2*z - 450. Calculate the remainder when 586 is divided by h.
130
Let h = -179 - -163. Calculate the remainder when 267 is divided by h/40 + (-152)/(-5).
27
Let l(u) = u**2 - 6*u. Let x be l(12). Suppose -112 = -2*f + x. What is the remainder when f is divided by ((-4)/(-2))/(2/31)?
30
Let a = -75 - -77. Suppose 4*t + 4*c - 24 - 16 = 0, 2*c = 2*t. Suppose 2*o - 3 - 1 = 0, 2*s + t*o - 26 = 0. What is the remainder when s is divided by a?
0
Suppose -4*r + 14 = -6*r. Let y = 0 - r. What is the remainder when (-574)/(-28) - (0 - 1/(-2)) is divided by y?
6
Let f be ((2/(-5))/((-24)/1080))/2. Suppose m - 9 = -o, -13*o = -f*o + 20. What is the remainder when 80 is divided by m?
10
Let l(j) = -j - 14. Let p be l(-18). Let s = p + 6. What is the remainder when 129 is divided by s?
9
Let n(q) = 5*q**3 + 103*q**2 - 36*q + 50. What is the remainder when n(-17) is divided by 69?
68
Let r(y) = -y**3 - 24*y**2 + 13*y - 122. What is the remainder when r(-25) is divided by 6/(-9) - (-96)/9?
8
Suppose -m + 244 = 241. What is the remainder when 117 is divided by m?
0
Let f(a) = 3*a**2 + 37*a - 26. Let r be f(-13). Calculate the remainder when 555 is divided by r - (1/(-3))/((-9)/(-837)).
28
Let s = -448 + 468. Let a = 7 - 3. Suppose 0 = -2*q + 8, 3*o + a*q - 46 = -6. Calculate the remainder when s is divided by o.
4
Let q = -39 - -54. Suppose w - q = -0*w. Suppose -4*t - 3*v = -162, 17 = -3*v + 11. Calculate the remainder when t is divided by w.
12
Calculate the remainder when (0 - -1) + 8272/60 - 52/(-390) is divided by 1/(-2)*0 - -14.
13
Let u = 875 - 849. What is the remainder when 29 is divided by u?
3
Let g = 40 - 36. Let v(n) = -n**3 + 3*n**2 + 10*n - 20. Let f be v(g). Suppose 0 = f*j + 8*j - 84. Calculate the remainder when 55 is divided by j.
6
Suppose 2*m = -2*m - 3*r - 420, m - r + 98 = 0. Let k = 149 + m. Let s = 87 - k. What is the remainder when s is divided by 11?
7
Suppose 4*n = -5*d + 89, 0*d = 2*d - n - 33. Let g(k) = -k**3 - 2*k**2 + 4*k + 8. Calculate the remainder when g(-4) is divided by d.
7
Let g = 48 + -49. Let q be g*(0 + (3 - 6)). Suppose 0 = -k + 3*k - 5*i - 86, 146 = 4*k + q*i. Calculate the remainder when 150 is divided by k.
36
Suppose -77*w = -l - 82*w + 64, 2*w + 6 = 0. Calculate the remainder when 568 is divided by l.
15
Let v(y) = 2*y**2 - 19*y + 63. Let j(k) = -2*k + 55. Calculate the remainder when j(0) is divided by v(4).
17
Let o(i) = -22*i - 34. Let x be o(-17). Let s = 367 - x. What is the remainder when 132 is divided by s?
24
Suppose 67 + 61 = 4*f. Let s(n) = -n**2 + 59*n - 218. Calculate the remainder when s(51) is divided by f.
30
Suppose -2*w - 192 = u, 0*w = 2*w - 5*u + 192. What is the remainder when (0 + w)/(12/(-8)) is divided by 23?
18
Suppose -91*x = 11*x - 180234. Calculate the remainder when x is divided by 52.
51
What is the remainder when 619 is divided by 2/19 - (-118320)/2280?
47
Suppose -24*m = -39*m + 30. Suppose 3*y - 11 = -s + 6, 39 = m*s + y. Calculate the remainder when 31 is divided by s.
11
Calculate the remainder when ((-89)/1)/((1/3)/(262/(-786))) is divided by 30.
29
Let f(g) = 3*g**3 + 6*g**2 - 4*g - 1. Let i be f(1). Suppose -3*w + 13 = i. What is the remainder when 5 is divided by w?
2
Suppose -6 = 2*r, 2*r + 39295 = u - r. Suppose -2524 = -10*i + u. Suppose i = 8*y + 1629. What is the remainder when y is divided by 40?
39
Suppose -2*i + 6 = -2. Let c(z) = 315*z - 21. Let g(x) = -63*x + 4. Let v(w) = i*c(w) + 21*g(w). Calculate the remainder when v(-1) is divided by 13.
11
Suppose -z + 4*i - 12 = -0, -4*z - 4*i = -52. Calculate the remainder when (-4 + -3)/28 - (-2282)/z is divided by 26.
25
Let l(u) = 5*u**2 - 2*u - 3. Suppose -9*y + 4 + 23 = 0. Calculate the remainder when 174 is divided by l(y).
30
Let j(o) = 111*o + 10. Let s be j(3). Let p = -244 + s. What is the remainder when p is divided by 18?
9
Suppose -3774 = -91*f + 14517. What is the remainder when f is divided by 41?
37
Let n = -12109 + 12191. Calculate the remainder when 1639 is divided by n.
81
Let a = -2411 + 2498. Let h = -37 - -52. Calculate the remainder when a is divided by h.
12
Let z(r) = -r**3 - 14*r**2 - 18*r + 1. Let s be z(-13). Let f = 119 - s. Let i(h) = -31*h - 642. Calculate the remainder when f is divided by i(-21).
8
S